{"id":78,"date":"2015-09-21T13:45:08","date_gmt":"2015-09-21T11:45:08","guid":{"rendered":"http:\/\/vilione.vvf.viko.lt\/?page_id=78"},"modified":"2017-01-13T10:27:15","modified_gmt":"2017-01-13T08:27:15","slug":"viliones-kontaktai","status":"publish","type":"page","link":"https:\/\/vilione.vvf.viko.lt\/?page_id=78","title":{"rendered":"Vilion\u0117s kontaktai"},"content":{"rendered":"<p><span style=\"font-size: 10.5pt; font-family: 'Helvetica',sans-serif; color: #444444;\">IB\u00a0\u201eVilion\u0117\u201c<\/span><\/p>\n<p><span style=\"font-size: 10.5pt; font-family: 'Helvetica',sans-serif; color: #444444;\">Didlaukio g. 49 &#8211; 233<br \/>\nLT &#8211; 08303 Vilnius<\/span><\/p>\n<p><span style=\"font-size: 10.5pt; font-family: 'Helvetica',sans-serif; color: #444444;\">Tel. (8 5) 2191 709<\/span><\/p>\n<p><span style=\"font-size: 10.5pt; font-family: 'Helvetica',sans-serif; color: #444444;\">Faks. (8 5) 2191 709<\/span><\/p>\n<p><span style=\"font-size: 10.5pt; font-family: 'Helvetica',sans-serif; color: #444444;\">El.pa\u0161tas:<span class=\"apple-converted-space\">\u00a0<\/span><a style=\"outline: none;\" href=\"mailto:vpmfvilione@gmail.com\" target=\"_blank\"><span style=\"color: #21759b;\">vpmfvilione@gmail.com<\/span><\/a><\/span><\/p>\n<p><span style=\"font-size: 10.5pt; font-family: 'Helvetica',sans-serif; color: #444444;\">Interneto svetain\u0117:<span class=\"apple-converted-space\">\u00a0<\/span><a style=\"outline: none;\" href=\"https:\/\/vilione.vvf.viko.lt\/\" target=\"_blank\"><span style=\"color: #21759b;\">https:\/\/vilione.vvf.viko.lt<\/span><\/a><\/span><\/p>\n<p><span style=\"font-size: 10.5pt; font-family: 'Helvetica',sans-serif; color: #444444;\">Facebook: <a href=\"https:\/\/www.facebook.com\/vilione.vpmf\">https:\/\/www.facebook.com\/vilione.vpmf<\/a><\/span><\/p>\n<p><span style=\"font-size: 10.5pt; font-family: 'Helvetica',sans-serif; color: #444444;\">\u012emon\u0117s vadov\u0117: r.rapkauskaite@vvf.viko.lt<\/span><\/p>\n","protected":false},"excerpt":{"rendered":"<p>IB\u00a0\u201eVilion\u0117\u201c Didlaukio g. 49 &#8211; 233 LT &#8211; 08303 Vilnius Tel. (8 5) 2191 709 Faks. (8 5) 2191 709 El.pa\u0161tas:\u00a0vpmfvilione@gmail.com Interneto svetain\u0117:\u00a0https:\/\/vilione.vvf.viko.lt Facebook: https:\/\/www.facebook.com\/vilione.vpmf \u012emon\u0117s vadov\u0117: r.rapkauskaite@vvf.viko.lt<\/p>\n","protected":false},"author":3,"featured_media":0,"parent":0,"menu_order":0,"comment_status":"closed","ping_status":"closed","template":"","meta":[],"_links":{"self":[{"href":"https:\/\/vilione.vvf.viko.lt\/index.php?rest_route=\/wp\/v2\/pages\/78"}],"collection":[{"href":"https:\/\/vilione.vvf.viko.lt\/index.php?rest_route=\/wp\/v2\/pages"}],"about":[{"href":"https:\/\/vilione.vvf.viko.lt\/index.php?rest_route=\/wp\/v2\/types\/page"}],"author":[{"embeddable":true,"href":"https:\/\/vilione.vvf.viko.lt\/index.php?rest_route=\/wp\/v2\/users\/3"}],"replies":[{"embeddable":true,"href":"https:\/\/vilione.vvf.viko.lt\/index.php?rest_route=%2Fwp%2Fv2%2Fcomments&post=78"}],"version-history":[{"count":5,"href":"https:\/\/vilione.vvf.viko.lt\/index.php?rest_route=\/wp\/v2\/pages\/78\/revisions"}],"predecessor-version":[{"id":488,"href":"https:\/\/vilione.vvf.viko.lt\/index.php?rest_route=\/wp\/v2\/pages\/78\/revisions\/488"}],"wp:attachment":[{"href":"https:\/\/vilione.vvf.viko.lt\/index.php?rest_route=%2Fwp%2Fv2%2Fmedia&parent=78"}],"curies":[{"name":"wp","href":"https:\/\/api.w.org\/{rel}","templated":true}]}}